t is the ten millions digit of 10868709?
1
What is the hundred thousands digit of 1063886844?
8
What is the ten millions digit of 496724913?
9
What is the units digit of 1267226525?
5
What is the tens digit of 2709145797?
9
What is the units digit of 38448515?
5
What is the thousands digit of 61772303?
2
What is the hundreds digit of 493645243?
2
What is the millions digit of 2395895?
2
What is the hundred thousands digit of 2813344362?
3
What is the tens digit of 53164411?
1
What is the ten thousands digit of 70131236?
3
What is the tens digit of 391647165?
6
What is the units digit of 4565551124?
4
What is the millions digit of 11329328?
1
What is the millions digit of 468725533?
8
What is the millions digit of 2008179768?
8
What is the tens digit of 83632728?
2
What is the hundred thousands digit of 72408946?
4
What is the hundred thousands digit of 4054389495?
3
What is the thousands digit of 5802521?
2
What is the thousands digit of 57119715?
9
What is the ten thousands digit of 74684741?
8
What is the ten thousands digit of 7362952395?
5
What is the hundreds digit of 231446?
4
What is the ten millions digit of 1378300218?
7
What is the billions digit of 1896877087?
1
What is the millions digit of 39687952?
9
What is the ten millions digit of 459736934?
5
What is the hundred thousands digit of 1655129144?
1
What is the ten millions digit of 596756167?
9
What is the hundreds digit of 142695058?
0
What is the units digit of 359843192?
2
What is the tens digit of 41799902?
0
What is the hundred millions digit of 154832762?
1
What is the tens digit of 38658959?
5
What is the units digit of 8350118984?
4
What is the tens digit of 1441686808?
0
What is the millions digit of 5885687?
5
What is the units digit of 44424276?
6
What is the hundreds digit of 96702131?
1
What is the hundred millions digit of 2313326808?
3
What is the units digit of 6010097540?
0
What is the hundreds digit of 2849732677?
6
What is the units digit of 929599951?
1
What is the hundred millions digit of 355139463?
3
What is the thousands digit of 888863046?
3
What is the thousands digit of 218167271?
7
What is the ten thousands digit of 4225541133?
4
What is the tens digit of 2584546341?
4
What is the hundreds digit of 134160366?
3
What is the units digit of 152852872?
2
What is the hundred millions digit of 1284451657?
2
What is the hundred thousands digit of 108618980?
6
What is the thousands digit of 22062588?
2
What is the hundred millions digit of 409449737?
4
What is the hundred thousands digit of 36350149?
3
What is the hundreds digit of 230435016?
0
What is the ten millions digit of 283780140?
8
What is the thousands digit of 93186765?
6
What is the units digit of 1287455203?
3
What is the hundreds digit of 88699373?
3
What is the units digit of 453418206?
6
What is the units digit of 72535386?
6
What is the ten thousands digit of 820182150?
8
What is the hundreds digit of 53224093?
0
What is the ten millions digit of 1538465951?
3
What is the millions digit of 62727989?
2
What is the thousands digit of 13279394?
9
What is the thousands digit of 4695699817?
9
What is the hundred thousands digit of 439317579?
3
What is the hundred millions digit of 233044938?
2
What is the tens digit of 353431430?
3
What is the ten thousands digit of 129593126?
9
What is the tens digit of 1151327939?
3
What is the ten millions digit of 713175235?
1
What is the millions digit of 57350903?
7
What is the ten thousands digit of 98808213?
0
What is the thousands digit of 90875763?
5
What is the hundred millions digit of 2527467843?
5
What is the ten thousands digit of 132901090?
0
What is the ten thousands digit of 2827014586?
1
What is the hundreds digit of 2269503896?
8
What is the ten thousands digit of 168829970?
2
What is the ten thousands digit of 699224372?
2
What is the hundred thousands digit of 3005155342?
1
What is the thousands digit of 51994248?
4
What is the ten millions digit of 29774462?
2
What is the hundreds digit of 1101059451?
4
What is the ten thousands digit of 224653668?
5
What is the tens digit of 63968092?
9
What is the hundreds digit of 1255709892?
8
What is the units digit of 570842139?
9
What is the hundred millions digit of 1246377877?
2
What is the ten millions digit of 623792085?
2
What is the millions digit of 1153373344?
3
What is the tens digit of 64428726?
2
What is the thousands digit of 1412236455?
6
What is the millions digit of 898846676?
8
What is the millions digit of 21411679?
1
What is the ten millions digit of 72835150?
7
What is the hundred thousands digit of 868099375?
0
What is the thousands digit of 15451069?
1
What is the millions digit of 733249420?
3
What is the hundred millions digit of 248206731?
2
What is the billions digit of 1241247190?
1
What is the ten thousands digit of 990296521?
9
What is the thousands digit of 29744905?
4
What is the thousands digit of 19184909?
4
What is the units digit of 1161197347?
7
What is the millions digit of 108056853?
8
What is the hundred thousands digit of 23015730?
0
What is the tens digit of 19744566?
6
What is the hundred millions digit of 436459832?
4
What is the ten millions digit of 2304816585?
0
What is the hundred millions digit of 436967280?
4
What is the hundred thousands digit of 254176273?
1
What is the hundreds digit of 2152616?
6
What is the hundreds digit of 1427720564?
5
What is the hundreds digit of 2037997256?
2
What is the units digit of 22360681?
1
What is the hundred millions digit of 117079711?
1
What is the thousands digit of 82630301?
0
What is the hundreds digit of 43726555?
5
What is the ten millions digit of 48050645?
4
What is the hundreds digit of 130308838?
8
What is the hundred millions digit of 443359162?
4
What is the hundreds digit of 142176731?
7
What is the hundreds digit of 446105916?
9
What is the thousands digit of 58440022?
0
What is the ten millions digit of 595703227?
9
What is the hundred thousands digit of 855486039?
4
What is the hundreds digit of 45304656?
6
What is the thousands digit of 119593507?
3
What is the hundred thousands digit of 74830029?
8
What is the thousands digit of 52061600?
1
What is the thousands digit of 58947463?
7
What is the millions digit of 10135260?
0
What is the thousands digit of 267843522?
3
What is the millions digit of 103731286?
3
What is the hundred millions digit of 251105763?
2
What is the millions digit of 41362859?
1
What is the hundreds digit of 3499428115?
1
What is the ten thousands digit of 82894157?
9
What is the hundreds digit of 397721243?
2
What is the hundred thousands digit of 736365003?
3
What is the hundred thousands digit of 2056181?
0
What is the hundred thousands digit of 8614042950?
0
What is the tens digit of 268122872?
7
What is the hundred thousands digit of 72992960?
9
What is the ten thousands digit of 62580473?
8
What is the thousands digit of 399321703?
1
What is the ten thousands digit of 726167531?
6
What is the ten millions digit of 3828074814?
2
What is the ten millions digit of 557708526?
5
What is the hundred thousands digit of 5331665?
3
What is the millions digit of 2579658006?
9
What is the hundreds digit of 2045683221?
2
What is the ten millions digit of 578492301?
7
What is the ten thousands digit of 88160830?
6
What is the thousands digit of 60784619?
4
What is the millions digit of 580420193?
0
What is the units digit of 1449151300?
0
What is the thousands digit of 624890767?
0
What is the hundreds digit of 80113387?
3
What is the millions digit of 435234514?
5
What is the hundred thousands digit of 33789834?
7
What is the ten thousands digit of 796046196?
4
What is the units digit of 17210320?
0
What is the ten thousands digit of 4082217?
8
What is the hundred thousands digit of 4402046?
4
What is the ten millions digit of 2631197740?
3
What is the thousands digit of 817795508?
5
What is the hundred millions digit of 132096646?
1
What is the ten millions digit of 84022381?
8
What is the billions digit of 1813425914?
1
What is the tens digit of 441054154?
5
What is the hundred thousands digit of 91247254?
2
What is the hundreds digit of 15236996?
9
What is the tens digit of 200535546?
4
What is the units digit of 2034258595?
5
What is the ten millions digit of 21672551?
2
What